{"id":228,"date":"2026-04-01T13:31:44","date_gmt":"2026-04-01T13:31:44","guid":{"rendered":"http:\/\/www.hexis.com.tr\/?post_type=product&#038;p=228"},"modified":"2026-04-01T13:34:23","modified_gmt":"2026-04-01T13:34:23","slug":"colombia-paraiso-honey-specially-coffee-lot-1815","status":"publish","type":"product","link":"https:\/\/www.hexiscoffee.com\/?product=colombia-paraiso-honey-specially-coffee-lot-1815","title":{"rendered":"Colombia Paraiso Honey Specially Coffee Lot 1815"},"content":{"rendered":"<p>Some of the first coffee trees at Amuliba Estate were planted in the 1950s by the aptly named Australian expat-farmer, Norm Plant. In that decade, which was a significant period for coffee development in ( Papua New Guinea\u2019s (PNG) highlands, Norm also planted the first trees at Amuliba\u2019s neighbor, Sigri Plantation.<\/p>\n<p>The Karkopi company purchased the estate in 1978. Today, the plantation continues to produce coffee and serves as a centralized processing facility for nearby smallholders.<\/p>\n<p>The Karkopi company is owned by 48 shareholders in the Philip Kapal\u2019s clan in the Tsekaka language group. PNG is home to more than 800 languages. With such linguistic diversity, it makes sense that villages are formed around shared languages. Within those villages, tribes, clans and house lines further delineate kinship and community.<\/p>\n<p>Amuliba also offers wet and dry milling services for neighboring farmers who can sell their harvests to the estate as cherry or parchment.<\/p>\n","protected":false},"excerpt":{"rendered":"<div class=\"product-list-row product-brands\">\n<div class=\"product-list-row product-brands\">\n<div class=\"product-list-row product-brands\">\n<div class=\"product-list-title\"><strong>Orijin:<\/strong>\u00a0Kolombiya<br \/>\n<strong>B\u00f6lge:<\/strong>\u00a0Cauca<\/div>\n<div><strong>Varyete:<\/strong>\u00a0Caturra<\/div>\n<div><strong>Y\u00fckseklik:<\/strong>\u00a01900 mt<\/div>\n<\/div>\n<div class=\"product-list-row\">\n<div class=\"product-list-content\"><strong>Hasat D\u00f6nemi:<\/strong>\u00a0Y\u0131l boyunca<\/div>\n<\/div>\n<div class=\"product-list-row\">\n<div class=\"product-list-content\"><strong>\u0130\u015fleme:<\/strong>\u00a0Y\u0131kanm\u0131\u015f<\/div>\n<\/div>\n<div class=\"product-list-content\"><strong>Aroma:<\/strong>\u00a0\u00c7ikolata, karamel<\/div>\n<div><strong>G\u00f6vde:<\/strong>\u00a0Orta<\/div>\n<div><strong>Asidite:<\/strong>\u00a0Orta<\/div>\n<div class=\"product-list-row\">\n<div class=\"product-list-content\"><strong>Tad\u0131m Notlar\u0131:<\/strong>\u00a0Agua panala, \u00e7i\u00e7ek, mandalina<\/div>\n<div><strong>Hasat:<\/strong>\u00a02024-25<\/div>\n<\/div>\n<div class=\"product-list-row\">\n<div><strong>Kaynak:<\/strong>\u00a0Delfiano Coffee<\/div>\n<\/div>\n<\/div>\n<div class=\"woocommerce-product-details__short-description\">\n<div class=\"product-list-row\"><\/div>\n<\/div>\n<\/div>\n","protected":false},"featured_media":249,"comment_status":"open","ping_status":"closed","template":"","meta":[],"product_brand":[],"product_cat":[21],"product_tag":[],"class_list":{"0":"post-228","1":"product","2":"type-product","3":"status-publish","4":"has-post-thumbnail","6":"product_cat-colombia","8":"first","9":"instock","10":"shipping-taxable","11":"purchasable","12":"product-type-variable","13":"has-default-attributes"},"_links":{"self":[{"href":"https:\/\/www.hexiscoffee.com\/index.php?rest_route=\/wp\/v2\/product\/228","targetHints":{"allow":["GET"]}}],"collection":[{"href":"https:\/\/www.hexiscoffee.com\/index.php?rest_route=\/wp\/v2\/product"}],"about":[{"href":"https:\/\/www.hexiscoffee.com\/index.php?rest_route=\/wp\/v2\/types\/product"}],"replies":[{"embeddable":true,"href":"https:\/\/www.hexiscoffee.com\/index.php?rest_route=%2Fwp%2Fv2%2Fcomments&post=228"}],"wp:featuredmedia":[{"embeddable":true,"href":"https:\/\/www.hexiscoffee.com\/index.php?rest_route=\/wp\/v2\/media\/249"}],"wp:attachment":[{"href":"https:\/\/www.hexiscoffee.com\/index.php?rest_route=%2Fwp%2Fv2%2Fmedia&parent=228"}],"wp:term":[{"taxonomy":"product_brand","embeddable":true,"href":"https:\/\/www.hexiscoffee.com\/index.php?rest_route=%2Fwp%2Fv2%2Fproduct_brand&post=228"},{"taxonomy":"product_cat","embeddable":true,"href":"https:\/\/www.hexiscoffee.com\/index.php?rest_route=%2Fwp%2Fv2%2Fproduct_cat&post=228"},{"taxonomy":"product_tag","embeddable":true,"href":"https:\/\/www.hexiscoffee.com\/index.php?rest_route=%2Fwp%2Fv2%2Fproduct_tag&post=228"}],"curies":[{"name":"wp","href":"https:\/\/api.w.org\/{rel}","templated":true}]}}